s 33 divide p?
True
Let r(w) = 2*w**2 + 2*w - 2. Let v be r(-2). Suppose -q = -v*q + 40. Is 13 a factor of q?
False
Suppose -10*h + 15*h + 390 = 0. Let a(b) = -15*b + 6. Let f be a(4). Let p = f - h. Is p a multiple of 12?
True
Suppose -h + 270 = 2*h. Suppose 34 = 2*p + 2*g, h = 4*p + 5*g + 27. Is 17 a factor of p?
False
Let f = 98 + -66. Is 17 a factor of f?
False
Suppose 0 = -3*q + 248 + 175. Does 11 divide q?
False
Does 11 divide 62 - (6 - 2) - 3?
True
Suppose -n + 10 + 1 = 0. Is n a multiple of 11?
True
Let x = -70 + 121. Let g = x + -11. Is 20 a factor of g?
True
Suppose -5*j = -2*j - 138. Let h = j + -32. Is h a multiple of 7?
True
Let j be 2/(-4) - (-181)/(-2). Let i = -63 - j. Is 14 a factor of i?
True
Let q(s) = s**3 + 21*s**2 + 16*s + 15. Is 19 a factor of q(-20)?
True
Let a(d) = -d**3 - d**2. Let s be a(-3). Suppose -s = -3*v + p, v = -v + 3*p + 19. Is v even?
False
Let h be (-3)/((-3)/1)*24. Let l = h - 11. Does 13 divide l?
True
Let g = 9 + 0. Let t = g + -7. Suppose 2 - 14 = -t*z. Is z a multiple of 6?
True
Let l(a) = 1 + 0*a**2 + a**2 + 0*a**2. Suppose 5*u + 3*z + 22 = 0, -5 + 17 = 2*u - 4*z. Does 5 divide l(u)?
True
Let s be (-8)/(-6)*(-6)/(-4). Suppose -136 = -s*x - 2*x. Does 21 divide x?
False
Let w(o) = -4*o. Let v(b) = -b**3 + 5*b**2 - 4*b. Let f be v(4). Let h = f - 1. Is w(h) a multiple of 4?
True
Let p = -5 - -41. Is 9 a factor of p?
True
Let k(o) = -2*o + 2 + 3*o**2 - 1 + 0. Let y be k(4). Suppose -2*v = -v - y. Is 14 a factor of v?
False
Suppose 2*l + 8 = 28. Is l even?
True
Let f be 1 + 3 + -2 + 1. Suppose -2*m - m = k - 16, 3*k = f. Let u = m - -2. Is 7 a factor of u?
True
Let u = -10 - -21. Is u a multiple of 2?
False
Let r be 2*(((-9)/3 - -3) + -4). Let x = 113 + -70. Let f = x + r. Does 11 divide f?
False
Let x = 1 + 2. Suppose 68 = 4*n - 4*b, x*n + 4*b = 37 + 35. Is n a multiple of 10?
True
Suppose 0 = 2*l - 37 - 29. Is l a multiple of 33?
True
Suppose 5 - 45 = -2*i. Is 10 a factor of i?
True
Suppose -2*u + 7*u = 10. Let c(r) = -r**3 + 6*r**2 - 4*r - 6. Let b be c(5). Does 5 divide 2*(u + b/(-2))?
True
Let g(c) be the third derivative of -c**4/12 - c**2. Is g(-3) a multiple of 6?
True
Suppose 0*i - i - 184 = -5*r, 4*r - 4*i = 144. Does 6 divide r?
False
Let u(j) = 4*j + 9. Suppose 0*c + 4*c = 28. Does 37 divide u(c)?
True
Let j = -5 + 8. Suppose -j*t = t - 84. Is t a multiple of 21?
True
Let w be 2 - 3/((-9)/6). Suppose 0 = w*x + 4*i - 68, 3*i + 60 = 4*x - i. Does 11 divide x?
False
Suppose -m + 0*m + 16 = 0. Suppose 0*h + m = 2*h. Does 4 divide h?
True
Suppose 59 = -4*u - 0*y - y, 2*y + 6 = 0. Let q = u - -23. Suppose -q = -0*a - 3*a. Is a a multiple of 3?
True
Let s(i) = -2*i + 5. Let c be s(4). Let p be c*(2 + -1)*-1. Let b(k) = 10*k. Is 15 a factor of b(p)?
True
Suppose 0 = 2*j - 2*r - 106, -5*r + 0 = -4*j + 211. Is 27 a factor of j?
True
Let n(i) = -i - 3. Let g be n(-6). Let j = 7 - g. Does 2 divide j?
True
Suppose 7*r - 5*r - 42 = 0. Is r a multiple of 3?
True
Let b = 312 - 214. Suppose 5*s - 3*f = 260, -f = 5*s - 378 + b. Suppose 4*c - 5 = s. Does 5 divide c?
True
Let f = -197 + 282. Is 7 a factor of f?
False
Suppose -3*u - 29 = -0*u + 5*y, -4*y + 28 = -4*u. Let f = -5 - u. Is f a multiple of 2?
False
Let s(c) = -c**3 + 4*c**2 - 3. Let t be s(4). Let f(w) = 18*w**2 - 3 - 21*w**2 - 1 + 3*w + 0 - 2*w**3. Is 8 a factor of f(t)?
False
Let m be (8/10)/((-2)/(-5)). Let q be ((-213)/m)/(2/4). Does 12 divide (-1)/(-3) + q/(-9)?
True
Let l be 1*1/(0 + -1). Let d(o) = -106*o**3 - 2*o**2 - o. Let r be d(l). Suppose 7*z = 2*z + r. Does 16 divide z?
False
Let i = 289 + -139. Is 15 a factor of i?
True
Let r = 64 + -13. Does 24 divide r?
False
Suppose 4*w = -3*q - 0*w + 63, 4*w = -2*q + 42. Is 7 a factor of q?
True
Let q(k) = -k**2 - 3*k + 15. Does 9 divide q(-4)?
False
Let g be (-14)/(-49) + 256/(-14). Let q = g - -26. Is 4 a factor of q?
True
Suppose 0*l + 6*l = 24. Is 3 a factor of l?
False
Let b(t) = -2*t - 2. Let f be b(-3). Suppose -9 = -r - 2*u + 2, f*r = u + 8. Is 9 a factor of (36/(-16))/(r/(-12))?
True
Let t = 66 + -30. Is t a multiple of 12?
True
Suppose 100 = 2*o - 4*v, -o = 5*v - v - 56. Is 4 a factor of o?
True
Let n be 2/(-3)*9/(-2). Let p(l) = l**3 - 7*l**2. Let t be p(7). Suppose t = n*y - y - 16. Is 8 a factor of y?
True
Let u(w) = w**2 + w - 3. Let n be (-54)/10 - (-4)/10. Let c(r) = r + 1. Let j be c(n). Is u(j) a multiple of 5?
False
Let z(n) = n**2 - 9*n + 5. Let l be z(9). Suppose t - 82 = -2*x, -x = l*t + 4*x - 405. Suppose -3*j + t = j. Is 10 a factor of j?
True
Let x be (0 - (4 + -2)) + 39. Suppose -3*p - 17 = -2*p. Let m = p + x. Is m a multiple of 10?
True
Let t = -9 - -11. Does 18 divide (1 + 5)/t + 33?
True
Suppose -2*f = -182 - 150. Is f a multiple of 9?
False
Let c(w) = 47*w**2 - 1. Let d be c(-1). Suppose 3*g + y - 31 = 0, 2*g = -2*g + y + d. Is g a multiple of 3?
False
Suppose 5*x + 2*j - 700 = 5*j, 0 = -5*x - 2*j + 700. Is 25 a factor of x?
False
Let h(d) = -26*d - 13. Is h(-5) a multiple of 39?
True
Let j be (3 - (0 - 1))/1. Is 11 a factor of (22/j)/((-4)/(-24))?
True
Is (19/2)/(21/252) a multiple of 11?
False
Let u(s) be the second derivative of -5*s**3/2 + s**2 - s. Is 6 a factor of u(-2)?
False
Suppose g - 2*g + 84 = 0. Is g a multiple of 30?
False
Let s(x) = x**2 - 3*x + 2. Let j be s(3). Let c(w) be the second derivative of 5*w**3/6 - w**2/2 - w. Does 9 divide c(j)?
True
Suppose 5*s = s - 16, s + 25 = 3*b. Is b a multiple of 2?
False
Let g = 1 - -2. Suppose 48 = 2*x + z + g*z, 3*x - 56 = 2*z. Is 15 a factor of 9/(-2)*x/(-3)?
True
Suppose -5*q - 8 = -9*q. Is 6 a factor of (q/(-3))/(3/(-27))?
True
Suppose -2 = -3*w + 2*w. Suppose 314 + 17 = 5*n + i, -64 = -n + w*i. Suppose -2*g + 0*g + n = 2*m, 3*g = 5*m + 75. Does 19 divide g?
False
Does 36 divide (6/9)/((-2)/(-432))?
True
Let q = 10 - 16. Is (-70)/(-6) - q/(-9) a multiple of 4?
False
Let b = -73 - -121. Is b a multiple of 8?
True
Let p be 4/(-2)*(-20)/(-8). Let c be p + 2 - 15/(-3). Suppose c*b - 75 = -3*b. Is 4 a factor of b?
False
Let g(y) = y + 6. Does 5 divide g(9)?
True
Let p be ((-9)/(-2))/(8/16). Let l be 3 - 0 - (-8 + p). Suppose -2*z = 3*h - 13, l*h + 0*h = -6. Is z a multiple of 3?
False
Let x = 16 + 6. Suppose -2*y + 4*k = -44, -6*y + 185 = -y + 5*k. Let c = y - x. Is c a multiple of 5?
True
Let t(m) = m + 7. Let p be t(-5). Suppose 0 = -p*i + 6 + 10. Is 8 a factor of i?
True
Does 16 divide 129 - -1 - 2*2/2?
True
Let i(n) = -3*n - 3. Let k be i(-3). Let g = -20 + k. Let w = -2 - g. Is w a multiple of 6?
True
Suppose -8 - 286 = -2*b. Is 21 a factor of b?
True
Suppose -5*a + 3*a = 0. Suppose -3*j - 2*p + 114 - 18 = a, -3*p - 51 = -2*j. Is 19 a factor of j?
False
Suppose -5*p + 450 = -0*p. Is p a multiple of 30?
True
Let x(v) = -v**3 - 5*v**2 - 4*v - 3. Does 12 divide x(-5)?
False
Let t(h) = h**3 - 16*h**2 + h + 5. Does 7 divide t(16)?
True
Let t be (-40)/6 + (-4)/(-6). Let g = 14 + t. Is 8 a factor of g?
True
Suppose 2*q + 3*o - 5 + 11 = 0, 4 = -q - 2*o. Suppose -p + m + 17 = q, 10 = -4*m + 2*m. Suppose a - p + 0 = 0. Is a a multiple of 12?
True
Suppose 0 = -5*f - 10, 2*i + i - 3*f = 810. Suppose -2*n = 2*n - i. Suppose n = 4*o + 15. Is o a multiple of 12?
False
Does 5 divide -5 + 48 + (-9)/(-3)?
False
Let o(c) = c**3 + 6*c**2 + 4*c - 3. Let w be o(-5). Suppose -w = -m - 3. Is (-3 + 2)/m - -4 a multiple of 2?
False
Suppose -2 = -p + 40. Let o(g) = -30*g**2 - g - 1. Let x be o(-1). Let f = x + p. Is f a multiple of 6?
True
Suppose v - 4*v = -66. Suppose 3*q - u = 16, -4*q - 3*u = -3*q - v. Is q a multiple of 3?
False
Suppose 5*j = 5*s - 126 + 701, 3*j = 2*s + 345. Suppose -3*l - 3*q = 2*l - j, 3*q + 69 = 3*l. Is 6 a factor of l?
False
Suppose 0 = -3*o + o + 4. Suppose -7 = o*v - 21. Is 7 a factor of v?
True
Suppose 390 = 5*p - 0*p. Suppose p = 2*k - 36. Does 20 divide k?
False
Suppose y - 3 = 1. Suppose -4*n - 5*o = -119, -o + 46 = y*n - 93. Is 18 a factor of n?
True
Suppose -5*x + 17 = 2*p, 4*x = 4*p - x - 109. Is 7 a factor of p?
True
Let w(f) = -f**2 - 7*f + 6. Let r be w(-8). Does 6 divide r*3/6*-15?
False
Suppose -d - 12 = -16. Is 3 a factor of d?
False
Suppose 0 = -5*t - 10. Let p(w) = -7*w + 2. Let z be p(t). Suppose z + 14 = 5*o. Is 6 a factor of o?
True
Is 22 a factor of 8/(-36)*6*(-33)/2?
True
Let a = 49 + 